{"id":1,"date":"2019-02-21T14:47:08","date_gmt":"2019-02-21T14:47:08","guid":{"rendered":"https:\/\/lk.technikanddesign.net\/?p=1"},"modified":"2024-02-29T09:56:24","modified_gmt":"2024-02-29T09:56:24","slug":"home","status":"publish","type":"page","link":"https:\/\/lk.technikanddesign.net\/","title":{"rendered":"Home"},"content":{"rendered":"<p><img decoding=\"async\" src=\"\/wp-content\/uploads\/2023\/10\/logo_subline_colored_arrow.svg\" alt=\"\"><\/p>\n<h1>Unsere Kanzlei<\/h1>\n<div>\n<p>Seit 44 Jahren sind wir stolz darauf, ein verl\u00e4sslicher Partner f\u00fcr unsere Mandanten in der Region und dar\u00fcber hinaus zu sein. Bei Lorenz &amp; Kroner stehen nicht nur Zahlen im Fokus, sondern vor allem die individuellen Bed\u00fcrfnisse und Ziele unserer Mandanten.<\/p>\n<p><strong>Unsere Philosophie: Langfristige Partnerschaft und Nachhaltigkeit<\/strong><\/p>\n<p>In unserer Kanzlei leben wir einen nachhaltigen Beratungsansatz. Viele unserer Mandanten begleiten wir bereits seit Jahrzehnten, unterst\u00fctzen sie bei Betriebsgr\u00fcndungen, wirtschaftlichen Expansionen und der \u00dcbergabe an die n\u00e4chste Generation. Diese langfristigen Beziehungen sind f\u00fcr uns nicht nur berufliche Partnerschaften, sondern echte Vertrauensverh\u00e4ltnisse.<\/p>\n<p>Nicht nur mit unseren Mandanten, sondern auch mit unseren Mitarbeitern streben wir langfristige Partnerschaften an. Unsere erstklassig ausgebildeten Bilanzbuchhalter<em>innen, Betriebswirt<\/em>innen und Steuerfachangestellten finden bei uns ein Umfeld, in dem sie sich kontinuierlich weiterentwickeln k\u00f6nnen. Diese Stabilit\u00e4t spiegelt sich auch in der engen und vertrauensvollen Zusammenarbeit mit unseren Mandanten \u00fcber die Jahre wieder.<\/p>\n<p><strong>Vielf\u00e4ltige Betreuung f\u00fcr verschiedene Bed\u00fcrfnisse<\/strong><\/p>\n<p>Unsere Kanzlei betreut Selbst\u00e4ndige und Gewerbetreibende aus unterschiedlichsten Branchen \u2013 sei es Handwerker, \u00c4rzte, Kaufleute, Landwirte, Ingenieure und viele mehr. Auch Rentner, Angestellte oder verm\u00f6gende Privatpersonen finden bei uns erfahrene und solide Ansprechpartner. Besondere Expertise haben wir unter anderem in der Beratung von land- und forstwirtschaftlichen Betrieben sowie im Internationalen Steuerrecht.<\/p>\n<p><strong>Nachhaltigkeit, nicht nur in der Steuerberatung<\/strong><\/p>\n<p>F\u00fcr uns ist Nachhaltigkeit nicht nur ein Begriff, sondern eine gelebte Einstellung. Unsere Kanzlei ist dank PV- und Akku-Anlage praktisch energieautark. Mittlerweile stehen auf unserem Parkplatz zwei Ladepunkte f\u00fcr E-Autos bereit, um auch in diesem Bereich einen Beitrag zur nachhaltigen Entwicklung zu leisten.<\/p>\n<p>Wir freuen uns darauf, Sie pers\u00f6nlich kennenzulernen und Sie auf Ihrem individuellen Weg zu begleiten. Bei Lorenz &amp; Kroner stehen wir f\u00fcr Verl\u00e4sslichkeit, Vertrauen und eine partnerschaftliche Zusammenarbeit.<\/p>\n<\/div>\n<h1>Leistungen<\/h1>\n<div>\n<ul>\n<li>Finanz- und Lohnbuchhaltung<\/li>\n<li>Erstellen von Jahresabschl\u00fcssen<\/li>\n<li>betriebliche und private Steuererkl\u00e4rungen<\/li>\n<li>Internationale Steuerberatung<\/li>\n<li>Nachfolgeberatung<\/li>\n<li>Erstellung von steuerlichen Gutachten<\/li>\n<li>Begleitung bei Unternehmenskauf und -verkauf<\/li>\n<li>Beratung bei Unternehmensumstrukturierung<\/li>\n<\/ul>\n<\/div>\n<h1>Neuigkeiten<\/h1>\n<div><script type=\"text\/javascript\" defer><\/p>\n<p>var K='108316';                                           <\/p>\n<p>  H=document.getElementsByTagName('head');<\/p>\n<p>S=document.createElement('script');<\/p>\n<p>S.type='text\/javascript';<\/p>\n<p>S.src='https:\/\/'+K+'.mainfo.net\/teaser.js';<\/p>\n<p>H[0].appendChild(S);<\/p>\n<p><\/script><\/p>\n<p><span id=\"myContent\">Laden&#8230;<\/span>\n<\/div>\n<h1>Gesch\u00e4ftszeiten<\/h1>\n<ul>\n<li>\n<h3>Mo \u2013 Do<\/h3>\n<div>\n<p><span>07:30 \u2013 16:30<\/span><\/p>\n<\/div>\n<\/li>\n<li>\n<h3>Freitag<\/h3>\n<div>\n<p><span>07:30 \u2013 14:00<\/span><\/p>\n<\/div>\n<\/li>\n<li>\n<h3>Sa \u2013 So<\/h3>\n<div>\n<p><span>Geschlossen<\/span><\/p>\n<\/div>\n<\/li>\n<\/ul>\n<div>\n<p><span>Pers\u00f6nliche Termine sind auch au\u00dferhalb unserer regul\u00e4ren \u00d6ffnungszeiten m\u00f6glich.<\/span><\/p>\n<\/div>\n<p><img decoding=\"async\" src=\"\/wp-content\/uploads\/2024\/01\/121-DSC02145-121.jpg\" alt=\"\"><\/p>\n<p><!--more--><br \/>\n<!-- {\"type\":\"layout\",\"children\":[{\"type\":\"section\",\"props\":{\"height\":\"full\",\"image\":\"wp-content\\\/uploads\\\/2024\\\/02\\\/93-DSC02069-93.jpg\",\"image_position\":\"center-center\",\"media_overlay\":\"rgba(0, 0, 0, 0.22)\",\"style\":\"default\",\"title_breakpoint\":\"xl\",\"title_position\":\"top-left\",\"title_rotation\":\"left\",\"vertical_align\":\"middle\",\"width\":\"default\"},\"children\":[{\"type\":\"row\",\"children\":[{\"type\":\"column\",\"props\":{\"image_position\":\"center-center\",\"position_sticky_breakpoint\":\"m\",\"vertical_align\":\"middle\"},\"children\":[{\"type\":\"image\",\"props\":{\"image\":\"wp-content\\\/uploads\\\/2023\\\/10\\\/logo_subline_colored_arrow.svg\",\"image_svg_color\":\"emphasis\",\"margin\":\"default\",\"text_align\":\"center\"}}]}]}]},{\"type\":\"section\",\"props\":{\"image_position\":\"center-center\",\"style\":\"default\",\"title_breakpoint\":\"xl\",\"title_position\":\"top-left\",\"title_rotation\":\"left\",\"vertical_align\":\"middle\",\"width\":\"default\"},\"children\":[{\"type\":\"row\",\"children\":[{\"type\":\"column\",\"props\":{\"image_position\":\"center-center\",\"position_sticky_breakpoint\":\"m\"},\"children\":[{\"type\":\"headline\",\"props\":{\"content\":\"Unsere Kanzlei\",\"title_element\":\"h1\"}},{\"type\":\"text\",\"props\":{\"column\":\"1-2\",\"column_breakpoint\":\"m\",\"content\":\"\n\n<p>Seit 44 Jahren sind wir stolz darauf, ein verl\\u00e4sslicher Partner f\\u00fcr unsere Mandanten in der Region und dar\\u00fcber hinaus zu sein. Bei Lorenz &amp; Kroner stehen nicht nur Zahlen im Fokus, sondern vor allem die individuellen Bed\\u00fcrfnisse und Ziele unserer Mandanten.<\\\/p>\\n\n\n<p><strong>Unsere Philosophie: Langfristige Partnerschaft und Nachhaltigkeit<\\\/strong><\\\/p>\\n\n\n<p>In unserer Kanzlei leben wir einen nachhaltigen Beratungsansatz. Viele unserer Mandanten begleiten wir bereits seit Jahrzehnten, unterst\\u00fctzen sie bei Betriebsgr\\u00fcndungen, wirtschaftlichen Expansionen und der \\u00dcbergabe an die n\\u00e4chste Generation. Diese langfristigen Beziehungen sind f\\u00fcr uns nicht nur berufliche Partnerschaften, sondern echte Vertrauensverh\\u00e4ltnisse.<\\\/p>\\n\n\n<p>Nicht nur mit unseren Mandanten, sondern auch mit unseren Mitarbeitern streben wir langfristige Partnerschaften an. Unsere erstklassig ausgebildeten Bilanzbuchhalter<em>innen, Betriebswirt<\\\/em>innen und Steuerfachangestellten finden bei uns ein Umfeld, in dem sie sich kontinuierlich weiterentwickeln k\\u00f6nnen. Diese Stabilit\\u00e4t spiegelt sich auch in der engen und vertrauensvollen Zusammenarbeit mit unseren Mandanten \\u00fcber die Jahre wieder.<\\\/p>\\n\n\n<p><strong>Vielf\\u00e4ltige Betreuung f\\u00fcr verschiedene Bed\\u00fcrfnisse<\\\/strong><\\\/p>\\n\n\n<p>Unsere Kanzlei betreut Selbst\\u00e4ndige und Gewerbetreibende aus unterschiedlichsten Branchen \\u2013 sei es Handwerker, \\u00c4rzte, Kaufleute, Landwirte, Ingenieure und viele mehr. Auch Rentner, Angestellte oder verm\\u00f6gende Privatpersonen finden bei uns erfahrene und solide Ansprechpartner. Besondere Expertise haben wir unter anderem in der Beratung von land- und forstwirtschaftlichen Betrieben sowie im Internationalen Steuerrecht.<\\\/p>\\n\n\n<p><strong>Nachhaltigkeit, nicht nur in der Steuerberatung<\\\/strong><\\\/p>\\n\n\n<p>F\\u00fcr uns ist Nachhaltigkeit nicht nur ein Begriff, sondern eine gelebte Einstellung. Unsere Kanzlei ist dank PV- und Akku-Anlage praktisch energieautark. Mittlerweile stehen auf unserem Parkplatz zwei Ladepunkte f\\u00fcr E-Autos bereit, um auch in diesem Bereich einen Beitrag zur nachhaltigen Entwicklung zu leisten.<\\\/p>\\n\n\n<p>Wir freuen uns darauf, Sie pers\\u00f6nlich kennenzulernen und Sie auf Ihrem individuellen Weg zu begleiten. Bei Lorenz &amp; Kroner stehen wir f\\u00fcr Verl\\u00e4sslichkeit, Vertrauen und eine partnerschaftliche Zusammenarbeit.<\\\/p>\",\"margin\":\"default\"}}]}]}]},{\"type\":\"section\",\"props\":{\"image\":\"wp-content\\\/uploads\\\/2024\\\/02\\\/119-DSC02134-119.jpg\",\"image_effect\":\"fixed\",\"image_position\":\"center-center\",\"image_size\":\"width-1-1\",\"padding\":\"xlarge\",\"style\":\"default\",\"title_breakpoint\":\"xl\",\"title_position\":\"top-left\",\"title_rotation\":\"left\",\"vertical_align\":\"middle\",\"width\":\"default\"},\"children\":[{\"type\":\"row\",\"props\":{\"layout\":\"1-2,1-2\"},\"children\":[{\"type\":\"column\",\"props\":{\"image_position\":\"center-center\",\"position_sticky_breakpoint\":\"m\",\"width_medium\":\"1-2\"}},{\"type\":\"column\",\"props\":{\"image_position\":\"center-center\",\"position_sticky_breakpoint\":\"m\",\"style\":\"card-default\",\"width_medium\":\"1-2\"},\"children\":[{\"type\":\"headline\",\"props\":{\"content\":\"Leistungen\",\"title_element\":\"h1\"}},{\"type\":\"text\",\"props\":{\"column_breakpoint\":\"m\",\"content\":\"\n\n<ul>\\n\n\n<li>Finanz- und Lohnbuchhaltung<\\\/li>\\n\n\n<li>Erstellen von Jahresabschl\\u00fcssen<\\\/li>\\n\n\n<li>betriebliche und private Steuererkl\\u00e4rungen<\\\/li>\\n\n\n<li>Internationale Steuerberatung<\\\/li>\\n\n\n<li>Nachfolgeberatung<\\\/li>\\n\n\n<li>Erstellung von steuerlichen Gutachten<\\\/li>\\n\n\n<li>Begleitung bei Unternehmenskauf und -verkauf<\\\/li>\\n\n\n<li>Beratung bei Unternehmensumstrukturierung<\\\/li>\\n<\\\/ul>\",\"margin\":\"default\"}}]}]}]},{\"type\":\"section\",\"props\":{\"image_position\":\"center-center\",\"style\":\"default\",\"title_breakpoint\":\"xl\",\"title_position\":\"top-left\",\"title_rotation\":\"left\",\"vertical_align\":\"middle\",\"width\":\"default\"},\"children\":[{\"type\":\"row\",\"children\":[{\"type\":\"column\",\"props\":{\"image_position\":\"center-center\",\"position_sticky_breakpoint\":\"m\"},\"children\":[{\"type\":\"headline\",\"props\":{\"content\":\"Neuigkeiten\",\"title_element\":\"h1\"}}]}]},{\"type\":\"row\",\"children\":[{\"type\":\"column\",\"props\":{\"image_position\":\"center-center\",\"position_sticky_breakpoint\":\"m\"},\"children\":[{\"type\":\"text\",\"props\":{\"column_breakpoint\":\"m\",\"content\":\"<script type=\\\"text\\\/javascript\\\" defer>\\n\\nvar K='108316';                                           \\n\\n  H=document.getElementsByTagName('head');\\n\\nS=document.createElement('script');\\n\\nS.type='text\\\/javascript';\\n\\nS.src='https:\\\/\\\/'+K+'.mainfo.net\\\/teaser.js';\\n\\nH[0].appendChild(S);\\n\\n<\\\/script>\\n\\n<span id=\\\"myContent\\\">Laden...<\\\/span>\\n\",\"margin\":\"default\"}}]}]}]},{\"type\":\"section\",\"props\":{\"image_position\":\"center-center\",\"style\":\"default\",\"title_breakpoint\":\"xl\",\"title_position\":\"top-left\",\"title_rotation\":\"left\",\"vertical_align\":\"middle\",\"width\":\"default\"},\"children\":[{\"type\":\"row\",\"props\":{\"layout\":\"1-2,1-2\"},\"children\":[{\"type\":\"column\",\"props\":{\"image_position\":\"center-center\",\"position_sticky_breakpoint\":\"m\",\"width_medium\":\"1-2\"},\"children\":[{\"type\":\"headline\",\"props\":{\"content\":\"Gesch\\u00e4ftszeiten\",\"title_element\":\"h1\"}},{\"type\":\"description_list\",\"props\":{\"column_breakpoint\":\"m\",\"layout\":\"grid-2\",\"list_element\":\"ul\",\"list_style\":\"striped\",\"meta_align\":\"below-content\",\"meta_style\":\"text-meta\",\"show_content\":true,\"show_link\":true,\"show_meta\":true,\"show_title\":true,\"title_element\":\"div\",\"title_grid_column_gap\":\"small\",\"title_grid_row_gap\":\"small\",\"title_grid_width\":\"small\"},\"children\":[{\"type\":\"description_list_item\",\"props\":{\"content\":\"\n\n<p><span>07:30 \\u2013 16:30<\\\/span><\\\/p>\",\"title\":\"Mo \\u2013 Do\"}},{\"type\":\"description_list_item\",\"props\":{\"content\":\"\n\n<p><span>07:30 \\u2013 14:00<\\\/span><\\\/p>\",\"title\":\"Freitag\"}},{\"type\":\"description_list_item\",\"props\":{\"content\":\"\n\n<p><span>Geschlossen<\\\/span><\\\/p>\",\"title\":\"Sa \\u2013 So\"}}]},{\"type\":\"text\",\"props\":{\"column_breakpoint\":\"m\",\"content\":\"\n\n<p><span>Pers\\u00f6nliche Termine sind auch au\\u00dferhalb unserer regul\\u00e4ren \\u00d6ffnungszeiten m\\u00f6glich.<\\\/span><\\\/p>\",\"margin\":\"default\"}}]},{\"type\":\"column\",\"props\":{\"image_position\":\"center-center\",\"position_sticky_breakpoint\":\"m\",\"width_medium\":\"1-2\"},\"children\":[{\"type\":\"image\",\"props\":{\"image\":\"wp-content\\\/uploads\\\/2024\\\/01\\\/121-DSC02145-121.jpg\",\"image_svg_color\":\"emphasis\",\"margin\":\"default\"}}]}]}]}],\"version\":\"4.2.11\"} --><\/p>\n","protected":false},"excerpt":{"rendered":"<p>Unsere Kanzlei Seit 44 Jahren sind wir stolz darauf, ein verl\u00e4sslicher Partner f\u00fcr unsere Mandanten in der Region und dar\u00fcber hinaus zu sein. Bei Lorenz &amp; Kroner stehen nicht nur Zahlen im Fokus, sondern vor allem die individuellen Bed\u00fcrfnisse und Ziele unserer Mandanten. Unsere Philosophie: Langfristige Partnerschaft und Nachhaltigkeit In unserer Kanzlei leben wir einen [&hellip;]<\/p>\n","protected":false},"author":1,"featured_media":0,"parent":0,"menu_order":2,"comment_status":"open","ping_status":"open","template":"","meta":{"_acf_changed":false,"footnotes":""},"acf":[],"_links":{"self":[{"href":"https:\/\/lk.technikanddesign.net\/index.php?rest_route=\/wp\/v2\/pages\/1"}],"collection":[{"href":"https:\/\/lk.technikanddesign.net\/index.php?rest_route=\/wp\/v2\/pages"}],"about":[{"href":"https:\/\/lk.technikanddesign.net\/index.php?rest_route=\/wp\/v2\/types\/page"}],"author":[{"embeddable":true,"href":"https:\/\/lk.technikanddesign.net\/index.php?rest_route=\/wp\/v2\/users\/1"}],"replies":[{"embeddable":true,"href":"https:\/\/lk.technikanddesign.net\/index.php?rest_route=%2Fwp%2Fv2%2Fcomments&post=1"}],"version-history":[{"count":43,"href":"https:\/\/lk.technikanddesign.net\/index.php?rest_route=\/wp\/v2\/pages\/1\/revisions"}],"predecessor-version":[{"id":1762,"href":"https:\/\/lk.technikanddesign.net\/index.php?rest_route=\/wp\/v2\/pages\/1\/revisions\/1762"}],"wp:attachment":[{"href":"https:\/\/lk.technikanddesign.net\/index.php?rest_route=%2Fwp%2Fv2%2Fmedia&parent=1"}],"curies":[{"name":"wp","href":"https:\/\/api.w.org\/{rel}","templated":true}]}}